1221 + (0 - -10) - (-13 - 1)?
10
What is the value of (-9 - 0 - 0) + (8 + 0 - 2)?
-3
Evaluate 4 + -5 + 16 + -1 + -6 + -4.
4
-2 - 40 - -57 - (28 + 0)
-13
3 + -19 + -21 + -28 + 76
11
Evaluate 35 + 0 + -1 + (-4 - -11) + -9.
32
Evaluate -20 - -28 - (15 + 4 + -10).
-1
-5 + -3 + 0 + 9 - -12
13
Evaluate (-6 + 9 - -10) + -2 + -25.
-14
What is the value of -2 + -5 + 9 + -10 - (-8 - -8)?
-8
What is the value of -2 - 0 - -26 - (-16 + -9 + 15)?
34
(-11 - -1) + (-292 - -301)
-1
Evaluate 125 - 141 - (-6 + 5 + -12).
-3
What is the value of 12 - -12 - (1 - (-21 - -12))?
14
What is the value of ((0 - -9) + -5 - 9) + (-15 - -30)?
10
What is the value of 13 + -9 + (14 - 17) - (1 - 13)?
13
Calculate -10 - (22 - 35) - (2 + 13).
-12
What is -1 + -2 - -18 - (4 + -11 + 11)?
11
Calculate (6 - (19 + -6)) + 0 - -8 - 4.
-3
What is 0 + -1 + (3 - -6) - (226 + -215)?
-3
Evaluate 3 + -2 - (-3 + 7 + (5 - -15)).
-23
(-1 - -2 - (-10 + 14)) + 2 + -5
-6
-57 + (-37 - -20) + 46
-28
Calculate -33 - (-14 + (14 - 12)).
-21
Calculate -27 - (-45 - 6) - 0.
24
Calculate (-1 - 5) + -54 + 71.
11
Calculate 25 + (11 - 17 - 5).
14
Evaluate (-22 - 27) + 50 - (-6 + 1).
6
What is the value of (7 - 0) + -7 + 9?
9
33 - 4 - (153 + -123)
-1
What is the value of 9 + (35 - (-12 - -84))?
-28
What is the value of 9 - 12 - (4 - 49) - 18?
24
What is (-28 - (-16 - 2)) + -1 + 15?
4
11 + 1 - (17 + 17 + -33)
11
Evaluate -19 - (-6 + 15 + -18).
-10
(-25 - (-11 - 21)) + 25
32
What is -1 + 1 + -9 - (-122 + 106)?
7
Calculate 20 + 16 + -13 + -30.
-7
Calculate -6 - (-12 - 2 - (135 + -136)).
7
Evaluate (-3 + 2 - 5) + (-11 - (-46 - -12)).
17
-3 + -8 + (-17 - -24)
-4
What is the value of -5 + 3 + (1 - (-4 - -17 - 6))?
-8
Evaluate 4 + 1 - ((-5 - -7) + (-5 - -17)).
-9
What is (-10 - (-15 + 6 + 1)) + -7?
-9
2 - -4 - (-1 - 12) - 7
12
Evaluate (22 + -14 - -13) + 0.
21
Calculate 4 + (4 + (-17 - -6) - -8).
5
Calculate (-3 - (-15 + (-1 - -4))) + (-4 - 0).
5
(3 - -11) + (-13 - 1)
0
Calculate 12 + -10 - (-2 + 1 + -4 + 5).
2
What is (4 - 4 - 10) + -16 + 12?
-14
What is 1 + -20 + (-8 - 8 - -16)?
-19
(7 + 11 - 11) + -1 + -2
4
What is the value of -7 - (-5 + -6) - (3 - 5)?
6
Calculate (-3 + 13 - 19 - 10) + 9.
-10
What is the value of -9 - (12 - (1 + 19))?
-1
-48 - -45 - (15 - (3 - 5))
-20
What is -101 + 97 - (-5 + -12)?
13
What is -10 - (-8 - (2 - 5)) - (4 - 0)?
-9
(-1 - 3) + (-21 - -15)
-10
Calculate 8 + (-5 - -16 - (2 - -26)) + 9.
0
(-15 - 24 - (-4 - 9)) + 3
-23
-7 + 28 + (-15 - 3)
3
What is the value of -24 + (-3 - (-7 + (11 - (9 + 4))))?
-18
Evaluate 9 - (-10 + 25 - -4) - (-5 + 0).
-5
Evaluate -9 - (32 + -22 - 18).
-1
-10 - -17 - (9 + -3) - 12
-11
Calculate 2 + 7 - (-9 - (15 + -29)).
4
What is the value of -17 + -176 + 185 + 16 + 1?
9
26 + (-1 - (9 - 6)) - (-9 + 11)
20
What is -6 + -2 + 7 + -2 + 2 + 0?
-1
What is (-6 - (-5 + -2 - -5)) + 0 + 3?
-1
Calculate -11 - (-4 - (-2 + -3)) - -7.
-5
Calculate -32 - -29 - (2 + 1 + 11 + -2).
-15
What is 32 + (5 + 7 + (-7 - 17) - -8)?
28
Calculate (-163 - -146) + (27 - 1).
9
(-15 + 9 - -11) + 9 + -8
6
Evaluate (3 + (9 - 0 - 17) - 3) + 10.
2
-5 - 3 - (-7 + (-6 - -1 - -2))
2
Calculate (12 - 1) + 2 - (32 + -2 + -35).
18
What is the value of (-31 - -2) + (1 - -51)?
23
What is the value of (-1 + -12 - 11) + 42?
18
(58 - 48) + (-4 + 9 - 4) + -3
8
Evaluate 28 - 18 - (11 + 14).
-15
What is 13 + -3 + (660 - 667)?
3
29 - (20 - (-17 + 25))
17
What is (1 - 17) + (-2 - -23 - 17) + -9?
-21
14 + -35 + -1 + (3 - 2)
-21
Calculate 13 + -12 + -9 + 14 + 1 + -10.
-3
What is the value of 0 + -2 + (2 - (-8 - (5 - 3)))?
10
Evaluate 11 - (-4 + -3 + 8 - (-2 - -2)).
10
What is 17 + (41 - (8 - -27))?
23
Evaluate -14 + (4 - (8 + -6)) - -5.
-7
What is the value of -1 - (3 + -1) - -3 - (-149 - -160)?
-11
5 - (22 - 20 - -1)
2
What is the value of 3 + 5 + -1 + -15 + 15 + -2?
5
What is 6 - (12 + 16 + -28)?
6
What is 11 + 5 + -2 - (0 + 4 - -2)?
8
(-3 - (-8 + -1)) + -17 - (2 + 7)
-20
What is the value of 8 + -7 - (-7 - (-3 - 1) - 11)?
15
Calculate 29 + -8 - (-2 + 11 + -6 + 3).
15
What is the value of (-9 - (-3 + (-5 - 4))) + 7?
10
6 - (5 + (0 - -1 - (12 + -20)))
-8
What is (-8 - -3) + 21 + -24 - (-44 - -1)?
35
What is -13 - ((-20 - 15 - -18) + 26)?
-22
What is the value of 18 - (-15 + 15 - -18)?
0
What is the value of 29 + -36 - ((-2 - -10) + (-4 - -1))?
-12
Evaluate (-4 - -22) + (146 - 190).
-26
9 - 0 - (0 + (-10 - -6) + 5)
8
Calculate 11 + (-5 - (4 + -8) - 7).
3
What is 22 + -30 + 15 - (-6 - (-3 + 2))?
12
What is (1 - 7 - -9) + 3 + -7 - 0?
-1
What is -2 + 0 + 31 - (13 - 1)?
17
What is -16 + (-17 - (-3 - 14 - -3))?
-19
What is -44 + 34 - (3 + -7)?
-6
-1 + -4 - (16 + 3 + -14)
-10
7 + -37 + (-5 - (-10 - 4))
-21
What is 5 - 7 - (-15 - 5)?
18
-3 + (32 - 6) + -3
20
What is (3 + -3 - -7) + (-26 - -21)?
2
Calculate -4 - (5 - (-5 - 1 - 1) - 4).
-12
Evaluate (22 - (-11 + 22)) + -29.
-18
-18 + ((9 - 21) + 4 - -14)
-12
Evaluate 3 - (-5 - (6 + -8) - 6).
12
Calculate (-2 + -5 - -1) + 2 + 18 + -4.
10
Evaluate -9 + (1 + -6 + 7 - (4 - 2)).
-9
Calculate (-486 - -478) + -10 + 2.
-16
Evaluate 4 - (20 + -41 - -6).
19
What is the value of -10 + (-3 - -16 - 9)?
-6
Evaluate 23 - 46 - (-3 + 6 - (4 + 0)).
-22
What is the value of (3 - (2 + 3)) + 0 + 5?
3
Calculate (206 - 228) + (0 - -10) + 37.
25
What is the value of (-5 - -33) + -11 - 33?
-16
-6 - (-16 - (-1 - -5)) - 6
8
Calculate (12 + 53 - 22) + -29.
14
What is the value of -28 + 2 - ((0 - (9 + -8)) + -6)?
-19
Calculate 5 - 11 - 0 - (7 + (-2 - 4)).
-7
Evaluate -4 - (-4 - (-12 + 17)).
5
What is the value of -14 - (0 - 4) - ((11 - 6) + -9)?
-6
Calculate 18 + (-19 - (19 - 4)).
-16
Evaluate -4 - ((46 - 30) + (-17 - -5)).
-8
Evaluate 10 + (4 - 13 - -11) + 0.
12
Calculate 5 + -1 - (-35 - -19 - -25).
-5
What is (27 - 32) + -5 + -12?
-22
What is -28 + 14 + 8 - (-12 + -6)?
12
Calculate -9 - (-16 + 8) - -4 - (-7 + 3).
7
What is -7 + (-81 + 67 - (-1 + -10))?
-10
Calculate 43 - 85 - (-6 + -9).
-27
Calculate (0 - 10) + (-617 - -621).
-6
Calculate 22 - (-16 + 11 - -17).
10
-12 - (-5 - 6) - (-3 + 0 + 10)
-8
Evaluate (-4 - 5) + -14 + (-3 - -9) + 1.
-16
Calculate (6 + 15 - 9) + -6 - (0 + -8).
14
What is the value of -8 + -11 + 0 + 41 + -29?
-7
-18 + 12 + 24 + -10 - (-1 + 0)
9
4 + (11 + -17 - -7)
5
What is the value of -1 + -9 - (-29 + -31 + 26 + 22)?
2
What is the value of -5 - -3 - (-15 - -21)?
-8
What is the value of 3 - 10 - -14 - 11?
-4
Evaluate 6 + (5 - (4 - (-5 - 5))).
-3
What is -7 + -21 + 16 - (2 + -3 - 2)?
-9
Calculate -9 - (-14 + -1 + 39 + -36).
3
Calculate -12 - (6 + 6) - (-5 - -13).
-32
What is the value of -6 + 10 + 6 + -23 - (0 - 5)?
-8
What is the value of 18 + 5 + -29 + 12?
6
9 + -4 + -2 + -9 + (7 - 8)
-7
Calculate -6 + (1 - (10 - 5)).
-10
What is (5 - 11) + (-3 + 19 + 4 - 4)?
10
Calculate (27 - 13) + (-42 - -6) + -11.
-33
What is the value of -27 + -1 + (4 - 0) + 4?
-20
Evaluate -6 - (21 + -13 + -3).
-11
Calculate 30 - (-22 + 1 + 41).
10
Calculate -2 - -10 - (-145 + 150).
3
What is 2 + -7 + -7 + 14 - (26 + -2)?
-22
What is -1 + 8 + 13 + -5 - 7 - -9?
17
Evaluate 12 - (5 + -11 + -1 + 10).
9
Evaluate 44 + -34 - (-4 + 10).
4
Calculate 12 + 1 + -2 + 13 + (0 - 7).
17
What is (10 + -1 - (174 + -180)) + 0?
15
Evaluate (7 - 9) + 2 + 3 - -16.
19
What is -3 + (-2 - 8) + 10 + 1?
-2
-5 - (-30 - 0 - 0 - (486 + -492))
19
Calculate 26 + -44 + -2 + 16.
-4
What is -36 - -69 - 53 - (3 + -1 + -1)?
-21
What is 5 + (-28 + 8 - 0) + 4 - 0?
-11
Calculate 26 + (16 - 49 - -13).
6
What is 3 + ((1 - 9) + 17 + -14 - 7)?
-9
26 - (-13 + -4 + 18 + 7)
18
What is (-26 - 20) + 24 + 10?
-12
Evaluate -20 + (10 - -2) + -6.
-14
Calculate (-7 - -31 - 8 - 7) + 3.
12
Evaluate (8 + (-5 - 4) - 7) + 4 + 8.
4
What is the value of (-1 + 0 - 2) + 200 + -197?
0
Calculate (-20 - -26) + (-16 - (5 + -8)).
-7
What is (-2 - 1) + 1 - (-18 + (5 - -1))?
10
-28 + (239 - 237) + -3 + (3 - 4)
-30
What is the value of 1 + 19 - (268 + -249 + (-13 - -1))?
13
(-2 + -8 - 3) + 3 + (-13 - -19)
-4
Evaluate (-1 - 0) + 4 + (-2 - 4) + -1.
-4
What is 16 + (-81 - -43) - 0?
-22
Calculate 34 + -19 + (3 + 0 + -6 - -3).
15
What is (16 + -2 - 6 - (-27 - 0)) + -6?
29
What is 7 + -2 + (-9 - -13)?
9
(-1 - (-13 + 9)) + 4 + -3 + 2
6
What is -368 - -388 - (17 - 0)?
3
Calculate 11 + (-13 - -49 - 45).
2
Calculate -2 + 4 - (-12 + 7).
7
Calculate 0 + -9 - 0 - (-1 - 3 - 1).
-4
Evaluat